{"id":11,"date":"2011-02-17T23:59:16","date_gmt":"2011-02-17T22:59:16","guid":{"rendered":"http:\/\/www.pzkregl.pl\/"},"modified":"2025-10-15T11:37:31","modified_gmt":"2025-10-15T09:37:31","slug":"struktura-organizacyjna","status":"publish","type":"page","link":"https:\/\/www.pzkregl.pl\/?page_id=11","title":{"rendered":"Struktura organizacyjna"},"content":{"rendered":"<p style=\"text-align: center\"><span style=\"font-size: 14px;color: #0000ff\"><span style=\"font-weight: bold\">Zarz\u0105d Polskiego Zwi\u0105zku Kr\u0119glarskiego &#8211; kadencja 2025 &#8211; 2029<\/span><\/span><\/p>\n<div style=\"text-align: center\">\n<h6 style=\"text-align: center\"><span style=\"font-size: 14px;color: #0000ff\"><strong>PREZES<\/strong><\/span><\/h6>\n<\/div>\n<h5 style=\"text-align: center\"><span style=\"font-size: 16px\">Przemys\u0142aw Piotr Spychaj<\/span><\/h5>\n<div><\/div>\n<div>\n<h6 style=\"text-align: center\"><span style=\"font-size: 14px;color: #0000ff\"><strong>Cz\u0142onkowie Zarz\u0105du PZK<\/strong><\/span><\/h6>\n<h6 style=\"text-align: center\"><em><span style=\"color: #0000ff\"><strong>Sekcja Kr\u0119glarstwa Klasycznego<\/strong><\/span><\/em><\/h6>\n<h6 style=\"text-align: center\">Maciej Kl\u0105ska\u0142a &#8211; <span style=\"font-size: 11px\"><strong style=\"font-size: 11px\">Wiceprezes, Przewodnicz\u0105cy Sekcji <\/strong><\/span><strong style=\"font-size: 11px\">Kr\u0119glarstwa Klasycznego<\/strong><\/h6>\n<h6 style=\"text-align: center\">Jaros\u0142aw Bonk &#8211; <span style=\"font-size: 10px;text-align: center\"><strong style=\"font-size: 11px\">Zast\u0119pca Przewodnicz\u0105cego Sekcji <\/strong><\/span><strong style=\"text-align: center;font-size: 11px\">Kr\u0119glarstwa Klasycznego<\/strong><\/h6>\n<h6 style=\"text-align: center\">Mateusz Kl\u0105ska\u0142a &#8211;<strong> <span style=\"font-size: 11px\">Kapitan Sportowy<\/span><\/strong><\/h6>\n<h6 style=\"text-align: center\">Wioletta Wabi\u0144ska<\/h6>\n<h6 style=\"text-align: center\"><em><span style=\"color: #0000ff\"><strong>Sekcja Bowlingu Sportowego<\/strong><\/span><\/em><\/h6>\n<h6 style=\"text-align: center\">Tomasz Janicki &#8211; <span style=\"font-size: 11px\"><strong style=\"font-size: 11px\">Wiceprezes, Przewodnicz\u0105cy Sekcji <\/strong><\/span><strong style=\"font-size: 11px\">Bowlingu Sportowego<\/strong><\/h6>\n<h6 style=\"text-align: center\">Tomasz Drzewicki<\/h6>\n<h6 style=\"text-align: center\">Joanna Merklej<\/h6>\n<h6 style=\"text-align: center\">Marta \u0141ydka<\/h6>\n<h6 style=\"text-align: center\"><em><span style=\"color: #0000ff\"><strong>Sekcja Kr\u0119glarstwa Niepe\u0142nosprawnych<\/strong><\/span><\/em><\/h6>\n<h6 style=\"text-align: center\">Joanna Stali\u015b &#8211; <span style=\"font-size: 11px\"><strong style=\"font-size: 11px\">Wiceprezes, Przewodnicz\u0105cy Sekcji Kr\u0119glarstwa Niepe\u0142nosprawnych<\/strong><\/span><\/h6>\n<h6 style=\"text-align: center\">Monika Grzybczy\u0144ska &#8211; <span style=\"font-size: 10px;text-align: center\"><strong style=\"font-size: 11px\">Zast\u0119pca Przewodnicz\u0105cego Sekcji <\/strong><\/span><strong style=\"text-align: center;font-size: 11px\">Kr\u0119glarstwa Niepe\u0142nosprawnych<\/strong><\/h6>\n<h6 style=\"text-align: center\">Adrian Hibner- <strong><span style=\"font-size: 11px\">Kapitan Sportowy<\/span><\/strong><\/h6>\n<h6 style=\"text-align: center\">Daniel Jarz\u0105b<\/h6>\n<\/div>\n<h6><\/h6>\n<hr \/>\n<h6 style=\"text-align: center\"><span style=\"color: #0000ff\"><strong>Komisja Dyscyplinarna<\/strong><\/span><\/h6>\n<h6 style=\"text-align: center\">Marek Char\u0119zi\u0144ski, Henryk Kulinowski, Gabriel Zastawnik,\u00a0Krzysztof Lenart, Marcin Bi\u0144ku\u015b<\/h6>\n<div><\/div>\n<div style=\"text-align: center\">\n<h6 style=\"text-align: center\"><span style=\"color: #0000ff\"><strong>Komisja Rewizyjna<\/strong><\/span><\/h6>\n<h6 style=\"text-align: center\">Bernard Bro\u0144ski, Zbigniew Mejer, Przemys\u0142aw Kantecki<\/h6>\n<hr \/>\n<\/div>\n","protected":false},"excerpt":{"rendered":"<p>Zarz\u0105d Polskiego Zwi\u0105zku Kr\u0119glarskiego &#8211; kadencja 2025 &#8211; 2029 PREZES Przemys\u0142aw Piotr Spychaj Cz\u0142onkowie Zarz\u0105du PZK Sekcja Kr\u0119glarstwa Klasycznego Maciej Kl\u0105ska\u0142a &#8211; Wiceprezes, Przewodnicz\u0105cy Sekcji Kr\u0119glarstwa Klasycznego Jaros\u0142aw Bonk &#8211; Zast\u0119pca Przewodnicz\u0105cego Sekcji Kr\u0119glarstwa Klasycznego Mateusz Kl\u0105ska\u0142a &#8211; Kapitan Sportowy &hellip; <a href=\"https:\/\/www.pzkregl.pl\/?page_id=11\">Czytaj dalej <span class=\"meta-nav\">&rarr;<\/span><\/a><\/p>\n","protected":false},"author":1,"featured_media":0,"parent":0,"menu_order":0,"comment_status":"closed","ping_status":"closed","template":"","meta":{"_monsterinsights_skip_tracking":false,"_monsterinsights_sitenote_active":false,"_monsterinsights_sitenote_note":"","_monsterinsights_sitenote_category":0,"footnotes":""},"class_list":["post-11","page","type-page","status-publish","hentry"],"_links":{"self":[{"href":"https:\/\/www.pzkregl.pl\/index.php?rest_route=\/wp\/v2\/pages\/11","targetHints":{"allow":["GET"]}}],"collection":[{"href":"https:\/\/www.pzkregl.pl\/index.php?rest_route=\/wp\/v2\/pages"}],"about":[{"href":"https:\/\/www.pzkregl.pl\/index.php?rest_route=\/wp\/v2\/types\/page"}],"author":[{"embeddable":true,"href":"https:\/\/www.pzkregl.pl\/index.php?rest_route=\/wp\/v2\/users\/1"}],"replies":[{"embeddable":true,"href":"https:\/\/www.pzkregl.pl\/index.php?rest_route=%2Fwp%2Fv2%2Fcomments&post=11"}],"version-history":[{"count":27,"href":"https:\/\/www.pzkregl.pl\/index.php?rest_route=\/wp\/v2\/pages\/11\/revisions"}],"predecessor-version":[{"id":710,"href":"https:\/\/www.pzkregl.pl\/index.php?rest_route=\/wp\/v2\/pages\/11\/revisions\/710"}],"wp:attachment":[{"href":"https:\/\/www.pzkregl.pl\/index.php?rest_route=%2Fwp%2Fv2%2Fmedia&parent=11"}],"curies":[{"name":"wp","href":"https:\/\/api.w.org\/{rel}","templated":true}]}}