{"id":413,"date":"2017-12-29T18:36:28","date_gmt":"2017-12-29T17:36:28","guid":{"rendered":"http:\/\/www.pzkregl.pl\/?page_id=413"},"modified":"2020-12-28T17:21:09","modified_gmt":"2020-12-28T16:21:09","slug":"antydoping","status":"publish","type":"page","link":"https:\/\/www.pzkregl.pl\/?page_id=413","title":{"rendered":"Antydoping"},"content":{"rendered":"<p>Na tej stronie mo\u017cesz zapozna\u0107 si\u0119 z informacjami dla zawodniczek i zawodnik\u00f3w kadr narodowych w r\u00f3\u017cnych dyscyplinach sportu, w zakresie antydopingu.<\/p>\n<p>Informacje pochodz\u0105 z Polskiej Agencji Antydopingowej POLADA.<\/p>\n<p><a href=\"http:\/\/www.pzkregl.pl\/wp-content\/uploads\/2020\/12\/PA-POLADA-2021-v-1.0.pdf\">PA POLADA 2021 v 1.0<\/a>\u00a0&#8211; PRZEPISY ANTYDOPINGOWE POLSKIEJ AGENCJI ANTYDOPINGOWEJ 2021<\/p>\n<p><a href=\"http:\/\/www.pzkregl.pl\/wp-content\/uploads\/2020\/05\/Kwiecie\u0144_2020.pdf\">Kwiecie\u0144 2020<\/a><\/p>\n<p><a href=\"http:\/\/www.pzkregl.pl\/wp-content\/uploads\/2019\/08\/lipiec_2019.pdf\">Lipiec 2019<\/a><\/p>\n<p><a href=\"http:\/\/www.pzkregl.pl\/wp-content\/uploads\/2019\/02\/styczen_luty_2019.pdf\">Stycze\u0144-Luty 2019<\/a><\/p>\n<p><a href=\"http:\/\/www.pzkregl.pl\/wp-content\/uploads\/2019\/01\/Grudzien_2018.pdf\">Grudzie\u0144 2018<\/a><\/p>\n<p><a href=\"http:\/\/www.pzkregl.pl\/wp-content\/uploads\/2018\/11\/Pa\u017adziernik_2018.pdf\">Pa\u017adziernik 2018<\/a><\/p>\n<p><a href=\"http:\/\/www.pzkregl.pl\/wp-content\/uploads\/2018\/09\/Sierpie\u0144_2018.pdf\">Sierpie\u0144 2018<\/a><\/p>\n<p><a href=\"http:\/\/www.pzkregl.pl\/wp-content\/uploads\/2018\/07\/Czerwiec_2018.pdf\">Czerwiec_2018<\/a><\/p>\n<p><a href=\"http:\/\/skk.pzkregl.pl\/files\/2018\/02\/Stycze\u0144_2018.pdf\">Stycze\u0144 2018<\/a><\/p>\n<p><a href=\"http:\/\/skk.pzkregl.pl\/files\/2017\/12\/Listopad_2017.pdf\">Listopad_2017<\/a><\/p>\n<p><a href=\"http:\/\/skk.pzkregl.pl\/files\/2017\/12\/Pa%C5%BAdziernik_2017.pdf\">Pa\u017adziernik_2017<\/a><\/p>\n<p><a href=\"http:\/\/skk.pzkregl.pl\/files\/2017\/12\/Wrzesie%C5%84_2017_ost.pdf\">Wrzesie\u0144_2017<\/a><\/p>\n","protected":false},"excerpt":{"rendered":"<p>Na tej stronie mo\u017cesz zapozna\u0107 si\u0119 z informacjami dla zawodniczek i zawodnik\u00f3w kadr narodowych w r\u00f3\u017cnych dyscyplinach sportu, w zakresie antydopingu. Informacje pochodz\u0105 z Polskiej Agencji Antydopingowej POLADA. PA POLADA 2021 v 1.0\u00a0&#8211; PRZEPISY ANTYDOPINGOWE POLSKIEJ AGENCJI ANTYDOPINGOWEJ 2021 Kwiecie\u0144 &hellip; <a href=\"https:\/\/www.pzkregl.pl\/?page_id=413\">Czytaj dalej <span class=\"meta-nav\">&rarr;<\/span><\/a><\/p>\n","protected":false},"author":1,"featured_media":0,"parent":0,"menu_order":0,"comment_status":"closed","ping_status":"closed","template":"","meta":{"_monsterinsights_skip_tracking":false,"_monsterinsights_sitenote_active":false,"_monsterinsights_sitenote_note":"","_monsterinsights_sitenote_category":0,"footnotes":""},"class_list":["post-413","page","type-page","status-publish","hentry"],"_links":{"self":[{"href":"https:\/\/www.pzkregl.pl\/index.php?rest_route=\/wp\/v2\/pages\/413","targetHints":{"allow":["GET"]}}],"collection":[{"href":"https:\/\/www.pzkregl.pl\/index.php?rest_route=\/wp\/v2\/pages"}],"about":[{"href":"https:\/\/www.pzkregl.pl\/index.php?rest_route=\/wp\/v2\/types\/page"}],"author":[{"embeddable":true,"href":"https:\/\/www.pzkregl.pl\/index.php?rest_route=\/wp\/v2\/users\/1"}],"replies":[{"embeddable":true,"href":"https:\/\/www.pzkregl.pl\/index.php?rest_route=%2Fwp%2Fv2%2Fcomments&post=413"}],"version-history":[{"count":10,"href":"https:\/\/www.pzkregl.pl\/index.php?rest_route=\/wp\/v2\/pages\/413\/revisions"}],"predecessor-version":[{"id":527,"href":"https:\/\/www.pzkregl.pl\/index.php?rest_route=\/wp\/v2\/pages\/413\/revisions\/527"}],"wp:attachment":[{"href":"https:\/\/www.pzkregl.pl\/index.php?rest_route=%2Fwp%2Fv2%2Fmedia&parent=413"}],"curies":[{"name":"wp","href":"https:\/\/api.w.org\/{rel}","templated":true}]}}